{"id":242,"date":"2018-09-14T14:42:58","date_gmt":"2018-09-14T14:42:58","guid":{"rendered":"http:\/\/empresaysociedad.cetiparaguay.com\/?page_id=242"},"modified":"2023-07-31T20:15:25","modified_gmt":"2023-07-31T20:15:25","slug":"nosotros","status":"publish","type":"page","link":"https:\/\/empresaysociedad.cetisa.com.py\/index.php\/nosotros\/","title":{"rendered":"Nosotros"},"content":{"rendered":"\n<p>La revista E&amp;S es un emprendimiento de CETISA desarrollado desde el marco del convenio de cooperaci\u00f3n interinstitucional vigente con la Universidad Cat\u00f3lica Nuestra Se\u00f1ora de la Asunci\u00f3n. En el caso de la revista E&amp;S la vinculaci\u00f3n espec\u00edfica es con la Facultad de Ciencias Contables del Campus Hernandarias.<\/p>\n\n\n\n<h2 class=\"wp-block-heading\"><strong>Centro de Estudios Tecnologia e Investigaci\u00f3n S. A. &#8211; CETISA&nbsp;<\/strong><\/h2>\n\n\n\n<p>El Centro de Estudios Tecnolog\u00eda e Investigacion CETI es una consultora de capital privado dedicada a realizar estudios sobrel a realidad regional para identificar las necesidades sociales y proponer alternativas de solucion, formular y\/o ejecutar (por cuenta propia o a traves de vinculos Internacionales), proyectos que apunten al Crecimiento Socioeconomico y Cultural Sostenible de la Regi\u00f3n.<\/p>\n\n\n\n<h2 class=\"wp-block-heading\"><strong>Autoridades de la Facultad de Ciencias Contables y Administrativas&nbsp;<\/strong><\/h2>\n\n\n\n<p>Prof. Clemente Gonz\u00e1lez Mart\u00ednez, Decano de la Facultad de Ciencias Contables y Administrativas.<br>Ing. Antonio Aquino, Director de la carrera Comercio Internacional.<br>Lic. Ana Rios, Directora Acad\u00e9mica de la Facultad de Ciencias Contables y Administrativas.<br>Lic. Jorge Ramos, Coordinador de Pasantia.<br>McS. Guido B. Alarc\u00f3n Corrales, Coordinador de Investigaci\u00f3n.<br>Lic. Juan Ram\u00f3n Alfonso Duarte, Director de la carrera de Contador P\u00fablico Nacional.<br>Lic. Norma Silva Montiel, Directora de las carrera de Administraci\u00f3n de Empresas y Marketing.<br>Sirley Melgarejo, Secretaria Gral. de la Facultad de Ciencias Contables y Administrativas.<\/p>\n\n\n\n<h2 class=\"wp-block-heading\">Cuerpo editorial<\/h2>\n\n\n\n<p>Lic. Mariano Damian Escurra Vicesar.<br>Coordinador  <br><br>Dr. Javier Numan Caballero Merlo.<br>Editor asociado<br><br>Lic. Marta karina Zeballo Aquino.<br>Editor t\u00e9cnico<br><\/p>\n","protected":false},"excerpt":{"rendered":"<p>La revista E&amp;S es un emprendimiento de CETISA desarrollado desde el marco del convenio de cooperaci\u00f3n interinstitucional vigente con la Universidad Cat\u00f3lica Nuestra Se\u00f1ora de la Asunci\u00f3n. En el caso de la revista E&amp;S la vinculaci\u00f3n espec\u00edfica es con la Facultad de Ciencias Contables del Campus Hernandarias. Centro de Estudios Tecnologia e Investigaci\u00f3n S. A. &hellip; <\/p>\n<p class=\"link-more\"><a href=\"https:\/\/empresaysociedad.cetisa.com.py\/index.php\/nosotros\/\" class=\"more-link\">Continuar leyendo<span class=\"screen-reader-text\"> \u00abNosotros\u00bb<\/span><\/a><\/p>\n","protected":false},"author":3,"featured_media":0,"parent":0,"menu_order":0,"comment_status":"closed","ping_status":"closed","template":"","meta":{"footnotes":""},"class_list":["post-242","page","type-page","status-publish","hentry"],"yoast_head":"<!-- This site is optimized with the Yoast SEO plugin v27.3 - https:\/\/yoast.com\/product\/yoast-seo-wordpress\/ -->\n<title>Nosotros - Empresa &amp; Sociedad<\/title>\n<meta name=\"robots\" content=\"index, follow, max-snippet:-1, max-image-preview:large, max-video-preview:-1\" \/>\n<link rel=\"canonical\" href=\"https:\/\/empresaysociedad.cetisa.com.py\/index.php\/nosotros\/\" \/>\n<meta property=\"og:locale\" content=\"es_ES\" \/>\n<meta property=\"og:type\" content=\"article\" \/>\n<meta property=\"og:title\" content=\"Nosotros - Empresa &amp; Sociedad\" \/>\n<meta property=\"og:description\" content=\"La revista E&amp;S es un emprendimiento de CETISA desarrollado desde el marco del convenio de cooperaci\u00f3n interinstitucional vigente con la Universidad Cat\u00f3lica Nuestra Se\u00f1ora de la Asunci\u00f3n. En el caso de la revista E&amp;S la vinculaci\u00f3n espec\u00edfica es con la Facultad de Ciencias Contables del Campus Hernandarias. Centro de Estudios Tecnologia e Investigaci\u00f3n S. A. &hellip; Continuar leyendo &quot;Nosotros&quot;\" \/>\n<meta property=\"og:url\" content=\"https:\/\/empresaysociedad.cetisa.com.py\/index.php\/nosotros\/\" \/>\n<meta property=\"og:site_name\" content=\"Empresa &amp; Sociedad\" \/>\n<meta property=\"article:modified_time\" content=\"2023-07-31T20:15:25+00:00\" \/>\n<meta name=\"twitter:card\" content=\"summary_large_image\" \/>\n<meta name=\"twitter:label1\" content=\"Tiempo de lectura\" \/>\n\t<meta name=\"twitter:data1\" content=\"2 minutos\" \/>\n<script type=\"application\/ld+json\" class=\"yoast-schema-graph\">{\"@context\":\"https:\\\/\\\/schema.org\",\"@graph\":[{\"@type\":\"WebPage\",\"@id\":\"https:\\\/\\\/empresaysociedad.cetisa.com.py\\\/index.php\\\/nosotros\\\/\",\"url\":\"https:\\\/\\\/empresaysociedad.cetisa.com.py\\\/index.php\\\/nosotros\\\/\",\"name\":\"Nosotros - Empresa &amp; Sociedad\",\"isPartOf\":{\"@id\":\"https:\\\/\\\/empresaysociedad.cetisa.com.py\\\/#website\"},\"datePublished\":\"2018-09-14T14:42:58+00:00\",\"dateModified\":\"2023-07-31T20:15:25+00:00\",\"breadcrumb\":{\"@id\":\"https:\\\/\\\/empresaysociedad.cetisa.com.py\\\/index.php\\\/nosotros\\\/#breadcrumb\"},\"inLanguage\":\"es\",\"potentialAction\":[{\"@type\":\"ReadAction\",\"target\":[\"https:\\\/\\\/empresaysociedad.cetisa.com.py\\\/index.php\\\/nosotros\\\/\"]}]},{\"@type\":\"BreadcrumbList\",\"@id\":\"https:\\\/\\\/empresaysociedad.cetisa.com.py\\\/index.php\\\/nosotros\\\/#breadcrumb\",\"itemListElement\":[{\"@type\":\"ListItem\",\"position\":1,\"name\":\"Portada\",\"item\":\"https:\\\/\\\/empresaysociedad.cetisa.com.py\\\/\"},{\"@type\":\"ListItem\",\"position\":2,\"name\":\"Nosotros\"}]},{\"@type\":\"WebSite\",\"@id\":\"https:\\\/\\\/empresaysociedad.cetisa.com.py\\\/#website\",\"url\":\"https:\\\/\\\/empresaysociedad.cetisa.com.py\\\/\",\"name\":\"Empresa &amp; Sociedad\",\"description\":\"\",\"publisher\":{\"@id\":\"https:\\\/\\\/empresaysociedad.cetisa.com.py\\\/#organization\"},\"potentialAction\":[{\"@type\":\"SearchAction\",\"target\":{\"@type\":\"EntryPoint\",\"urlTemplate\":\"https:\\\/\\\/empresaysociedad.cetisa.com.py\\\/?s={search_term_string}\"},\"query-input\":{\"@type\":\"PropertyValueSpecification\",\"valueRequired\":true,\"valueName\":\"search_term_string\"}}],\"inLanguage\":\"es\"},{\"@type\":\"Organization\",\"@id\":\"https:\\\/\\\/empresaysociedad.cetisa.com.py\\\/#organization\",\"name\":\"Empresa &amp; Sociedad\",\"url\":\"https:\\\/\\\/empresaysociedad.cetisa.com.py\\\/\",\"logo\":{\"@type\":\"ImageObject\",\"inLanguage\":\"es\",\"@id\":\"https:\\\/\\\/empresaysociedad.cetisa.com.py\\\/#\\\/schema\\\/logo\\\/image\\\/\",\"url\":\"https:\\\/\\\/empresaysociedad.cetisa.com.py\\\/wp-content\\\/uploads\\\/2023\\\/06\\\/cropped-cropped-logo-1.png\",\"contentUrl\":\"https:\\\/\\\/empresaysociedad.cetisa.com.py\\\/wp-content\\\/uploads\\\/2023\\\/06\\\/cropped-cropped-logo-1.png\",\"width\":250,\"height\":250,\"caption\":\"Empresa &amp; Sociedad\"},\"image\":{\"@id\":\"https:\\\/\\\/empresaysociedad.cetisa.com.py\\\/#\\\/schema\\\/logo\\\/image\\\/\"}}]}<\/script>\n<!-- \/ Yoast SEO plugin. -->","yoast_head_json":{"title":"Nosotros - Empresa &amp; Sociedad","robots":{"index":"index","follow":"follow","max-snippet":"max-snippet:-1","max-image-preview":"max-image-preview:large","max-video-preview":"max-video-preview:-1"},"canonical":"https:\/\/empresaysociedad.cetisa.com.py\/index.php\/nosotros\/","og_locale":"es_ES","og_type":"article","og_title":"Nosotros - Empresa &amp; Sociedad","og_description":"La revista E&amp;S es un emprendimiento de CETISA desarrollado desde el marco del convenio de cooperaci\u00f3n interinstitucional vigente con la Universidad Cat\u00f3lica Nuestra Se\u00f1ora de la Asunci\u00f3n. En el caso de la revista E&amp;S la vinculaci\u00f3n espec\u00edfica es con la Facultad de Ciencias Contables del Campus Hernandarias. Centro de Estudios Tecnologia e Investigaci\u00f3n S. A. &hellip; Continuar leyendo \"Nosotros\"","og_url":"https:\/\/empresaysociedad.cetisa.com.py\/index.php\/nosotros\/","og_site_name":"Empresa &amp; Sociedad","article_modified_time":"2023-07-31T20:15:25+00:00","twitter_card":"summary_large_image","twitter_misc":{"Tiempo de lectura":"2 minutos"},"schema":{"@context":"https:\/\/schema.org","@graph":[{"@type":"WebPage","@id":"https:\/\/empresaysociedad.cetisa.com.py\/index.php\/nosotros\/","url":"https:\/\/empresaysociedad.cetisa.com.py\/index.php\/nosotros\/","name":"Nosotros - Empresa &amp; Sociedad","isPartOf":{"@id":"https:\/\/empresaysociedad.cetisa.com.py\/#website"},"datePublished":"2018-09-14T14:42:58+00:00","dateModified":"2023-07-31T20:15:25+00:00","breadcrumb":{"@id":"https:\/\/empresaysociedad.cetisa.com.py\/index.php\/nosotros\/#breadcrumb"},"inLanguage":"es","potentialAction":[{"@type":"ReadAction","target":["https:\/\/empresaysociedad.cetisa.com.py\/index.php\/nosotros\/"]}]},{"@type":"BreadcrumbList","@id":"https:\/\/empresaysociedad.cetisa.com.py\/index.php\/nosotros\/#breadcrumb","itemListElement":[{"@type":"ListItem","position":1,"name":"Portada","item":"https:\/\/empresaysociedad.cetisa.com.py\/"},{"@type":"ListItem","position":2,"name":"Nosotros"}]},{"@type":"WebSite","@id":"https:\/\/empresaysociedad.cetisa.com.py\/#website","url":"https:\/\/empresaysociedad.cetisa.com.py\/","name":"Empresa &amp; Sociedad","description":"","publisher":{"@id":"https:\/\/empresaysociedad.cetisa.com.py\/#organization"},"potentialAction":[{"@type":"SearchAction","target":{"@type":"EntryPoint","urlTemplate":"https:\/\/empresaysociedad.cetisa.com.py\/?s={search_term_string}"},"query-input":{"@type":"PropertyValueSpecification","valueRequired":true,"valueName":"search_term_string"}}],"inLanguage":"es"},{"@type":"Organization","@id":"https:\/\/empresaysociedad.cetisa.com.py\/#organization","name":"Empresa &amp; Sociedad","url":"https:\/\/empresaysociedad.cetisa.com.py\/","logo":{"@type":"ImageObject","inLanguage":"es","@id":"https:\/\/empresaysociedad.cetisa.com.py\/#\/schema\/logo\/image\/","url":"https:\/\/empresaysociedad.cetisa.com.py\/wp-content\/uploads\/2023\/06\/cropped-cropped-logo-1.png","contentUrl":"https:\/\/empresaysociedad.cetisa.com.py\/wp-content\/uploads\/2023\/06\/cropped-cropped-logo-1.png","width":250,"height":250,"caption":"Empresa &amp; Sociedad"},"image":{"@id":"https:\/\/empresaysociedad.cetisa.com.py\/#\/schema\/logo\/image\/"}}]}},"_links":{"self":[{"href":"https:\/\/empresaysociedad.cetisa.com.py\/index.php\/wp-json\/wp\/v2\/pages\/242","targetHints":{"allow":["GET"]}}],"collection":[{"href":"https:\/\/empresaysociedad.cetisa.com.py\/index.php\/wp-json\/wp\/v2\/pages"}],"about":[{"href":"https:\/\/empresaysociedad.cetisa.com.py\/index.php\/wp-json\/wp\/v2\/types\/page"}],"author":[{"embeddable":true,"href":"https:\/\/empresaysociedad.cetisa.com.py\/index.php\/wp-json\/wp\/v2\/users\/3"}],"replies":[{"embeddable":true,"href":"https:\/\/empresaysociedad.cetisa.com.py\/index.php\/wp-json\/wp\/v2\/comments?post=242"}],"version-history":[{"count":9,"href":"https:\/\/empresaysociedad.cetisa.com.py\/index.php\/wp-json\/wp\/v2\/pages\/242\/revisions"}],"predecessor-version":[{"id":883,"href":"https:\/\/empresaysociedad.cetisa.com.py\/index.php\/wp-json\/wp\/v2\/pages\/242\/revisions\/883"}],"wp:attachment":[{"href":"https:\/\/empresaysociedad.cetisa.com.py\/index.php\/wp-json\/wp\/v2\/media?parent=242"}],"curies":[{"name":"wp","href":"https:\/\/api.w.org\/{rel}","templated":true}]}}